) a composite number?
True
Let g = -8036 + 12147. Is g a prime number?
True
Let g(j) = 2*j**2 - 12*j + 37. Is g(15) a composite number?
False
Let o(w) be the second derivative of w**6/120 + w**5/15 - 3*w**4/8 + w**3/3 + 8*w. Let x(u) be the second derivative of o(u). Is x(10) a composite number?
True
Suppose -5*w = -2*f + 36, 5*f - 31 = -w + 5. Is ((-14498)/(-104) + (-24)/156)*f a prime number?
False
Let o be -2 - (1 + -1 + -15). Suppose 0 = -3*y + o - 10. Let j = 5 - y. Is j a prime number?
False
Suppose -7*c - 8*c = 0. Suppose c = -0*y + y - 398. Is y prime?
False
Let f = -2 - -11. Let j = 5 - f. Is (-923)/(-5) - j/10 prime?
False
Is (-3)/8 - (-416551)/(-136)*-13 composite?
True
Let c be (0 + (-200)/(-3))*3741/86. Suppose -c = -4*l + 4424. Is l composite?
False
Let q be (0 - -1)*-7 - 1. Let m be (-42)/4*q/(-6). Is (m/(-8))/(-7)*-1516 prime?
True
Let u = 80975 + -38098. Is u prime?
False
Let w be ((-36)/24)/((-3)/2). Let t be 1/w*(3 + -36). Let n = t - -76. Is n a prime number?
True
Let n be 9/(-6)*(-4)/3. Let h(s) = -8 - 9 + 0*s**2 + s**n. Is h(-12) a composite number?
False
Suppose -12*v = -50245 - 73535. Is v a composite number?
True
Suppose -2*l = -5*h - 43289, 5*l + 5*h = 8*h + 108232. Is l prime?
True
Suppose -4*m + 17 = 5. Let r(j) = -55*j**3 - 4*j**2 + 1. Let u be r(m). Let l = -729 - u. Is l composite?
True
Let o(b) = b**3 + 6*b**2 + 3*b + 6. Let a be o(-5). Suppose -4*y = -a, -2*p + y = 5*y - 20. Suppose x = w + 50, 6*w = -x + p*w + 65. Is x a composite number?
False
Suppose -r = -356 - 3033. Is r a prime number?
True
Is (-74)/3*((-147849)/(-26))/(-17) composite?
True
Let j be (-5)/20 + (-50)/(-8). Let k(u) = -u**3 + 6*u**2 + 2. Let z be k(j). Suppose -2*g + 4*v + 239 = -139, 806 = 4*g + z*v. Is g composite?
False
Let x(b) = 2*b + 17. Let d be x(-7). Suppose 0 = -5*p + a + 1, d*p + 2*a = -0*p - 2. Suppose -3*q + 597 = 5*c, p*q - 3*c - 767 = -4*q. Is q composite?
True
Suppose -10*c + 3*c = -1575. Suppose y = -5*t + 92, 0 = -3*y - 4*t - 0*t + 320. Let q = c + y. Is q composite?
False
Let h be (-1 - 0)*(-4 - -2). Let y be h/((-29934)/7484 + 4). Is y/12 + (-4)/6 a composite number?
True
Let m = 2 - -1. Suppose -16*k + 11*k + 80 = 0. Suppose 6*w - 2*w - k = 0, -m*w + 248 = 4*p. Is p a prime number?
True
Suppose 3*p - 2227 = 4*d, -3*p - 2*d + 2195 = 2*d. Is p prime?
False
Let y = -11 - 81. Let d(z) = -z**3 + z**2 + 6*z - 5. Let r be d(-6). Let l = y + r. Is l a prime number?
False
Let f = -15 - -18. Suppose f*g - 583 - 2270 = 0. Is -1*(-3)/9*g composite?
False
Let f(z) = -z**3 + 22*z**2 - 8*z - 9. Is f(20) composite?
False
Is (187/17)/((-2)/(-226)) a composite number?
True
Let z be (8/(-6))/(6/(-9)). Suppose 0 = i - 0*i + 5, 0 = z*f - 5*i - 29. Suppose -f*s - 810 = -a - 3*a, -3*s = a - 192. Is a a composite number?
True
Let y = 13 - 25. Is y/(-72) + 514/12 composite?
False
Let s = -52232 - -75239. Is s a composite number?
True
Let q = 39 - 37. Suppose -q = -u - 0, 0 = -5*h + u + 8253. Is h a prime number?
False
Suppose -4*t - v + 2*v = 0, 0 = -3*t - 3*v. Suppose -3*r + 0*f + 624 = -f, 5*r + f - 1048 = t. Let l = r + -112. Is l a prime number?
True
Suppose 2*q - 4*q = -232. Let x = 72 + q. Suppose x + 75 = v. Is v composite?
False
Suppose -y = 3*s + 25 - 69, 20 = s - y. Suppose -s*q = -11*q - 105. Is q a composite number?
True
Let o(k) = -409*k**3 - 2*k**2 + 2*k + 3. Suppose 0 = 5*j - 16 + 26. Is o(j) composite?
True
Let j = 22 - 24. Is ((-548)/j)/((-2)/(-3)) a composite number?
True
Suppose -3*v = 3*l - 962 - 49, 0 = -v - 3*l + 345. Let k be 5/(15/v) - -3. Suppose -k = -z - z. Is z composite?
True
Let z(n) = -3467*n - 35. Is z(-2) a composite number?
False
Let a be 1*(62 - -1)/3. Let k(p) = 22*p - 6. Let v be k(a). Let j = v - -131. Is j a composite number?
False
Suppose 3*u + 5*u = 90728. Is u prime?
False
Suppose -430094 = -121*j + 107*j. Is j a prime number?
False
Let z = 667 + 5180. Is z a prime number?
False
Suppose -2*n = z + 2*n + 12, -2*n + 12 = 5*z. Suppose -510 = -9*x + z*x. Suppose 4*h - p = h + x, 0 = 4*h + 5*p - 117. Is h a prime number?
False
Suppose 0 = 5*g + c - 28, -4*g - 2*c + 6 = -14. Suppose 3*j + g = 0, 4*j + 775 = w + 154. Is w a prime number?
True
Let k(h) = h**2 + 10*h - 9. Suppose 0 = -d + 3*r - 12, 3*r - 22 = 2*d - r. Let z be k(d). Is (-1182)/z + (-2)/3 composite?
True
Suppose 11*t = 14937 + 18932. Is t composite?
False
Suppose 5*z - 7189 - 6526 = 0. Is z a prime number?
False
Suppose 41*n + 13902 = 47*n. Is n prime?
False
Let z = 44 + -50. Is 3803/2 + z/12 prime?
True
Let r be 10/25 + (-896)/(-10). Let k be (2 - 0)/(20/r). Suppose o + 5*t = k, -4*o = -0*t + t - 17. Is o composite?
True
Let w = -9 + 8. Let q be 2/(3 - w)*0. Suppose -2*x + 2*t + 462 = 2*x, 5*x + 2*t - 555 = q. Is x a prime number?
True
Let a(l) = l**2 - 1. Let r be a(-5). Let q = 34 - r. Suppose -2*h = q, 3*w + 4*h - 725 = -2*w. Is w prime?
True
Suppose -13346 = -2*j + 3*h, 4*h + 4256 = 2*j - 9090. Is j a prime number?
True
Suppose -5*y - 5*d = -123585, -4*y = 3*d - 99392 + 520. Is y a composite number?
True
Suppose 3 = 3*r, 5*p + 2*r = 4*p + 7. Suppose -z - p*h + 882 = 0, -2*h - 1776 = -2*z - 0*h. Is z prime?
True
Let p be 0/((-7 + 3)/4). Suppose p*r = 5*r + 3715. Let s = r + 1200. Is s a composite number?
False
Let i = 30259 + -19296. Is i a composite number?
True
Suppose 1608 = 4*z - 5*p, -5*z = -4*z - 5*p - 417. Is z prime?
True
Let l(a) = 145*a**3 - 9*a**2 + 12*a + 17. Is l(6) a prime number?
False
Suppose 12*o = 15*o - 1974. Let j = o - 185. Is j a composite number?
True
Let j = 48636 + -33823. Is j a prime number?
True
Suppose -5*m + 5 = 5*c, 5*c + 7*m - 5 = 3*m. Let u = -3 + c. Let j = u + 57. Is j prime?
False
Let l = -48 + 52. Let x(c) = -2*c**3 + 7*c**2 + 5*c + 3. Let w be x(-4). Suppose -4*m - 1516 = -l*u, w = u - 3*m - 156. Is u a composite number?
False
Let o be 3 + (-6)/(-3 - -6). Let w be 1*4 + (2 - o). Suppose -w = -4*s + 3. Is s prime?
True
Let s be (0/(-4 + 2))/2. Let p(r) = 2*r + 2609. Is p(s) a composite number?
False
Let o = -1112 - -5719. Suppose 0 = 5*h + f - o, -4*f + 9*f = 10. Suppose b - 4*b = -h. Is b a composite number?
False
Suppose -4*y + 2 = 2*l - 0, 2 = -2*y - 2*l. Suppose 2*p - 1 = -w, 5*p - 5*w = -1 - 4. Suppose p*u - 62 = -y*u. Is u a composite number?
False
Suppose -9*c - 23350 = -88807. Is c prime?
False
Let n(r) = -r**3 + 5*r**2 + 11*r - 25. Let b be n(6). Suppose -9*l + 2*m = -8*l - 673, l + b*m = 694. Is l prime?
False
Suppose -y = 3*o - 125607, -12*y + 125607 = 3*o - 7*y. Is o a composite number?
True
Suppose 806 = x + 3*d - 6*d, -3*x + 2*d + 2383 = 0. Is x prime?
False
Let t = -1330 - -4973. Is t a prime number?
True
Suppose -4*a + 2931 = -3*a - 2*q, 3*q = -2*a + 5827. Is a a prime number?
False
Suppose 3*c + 2*t = 21 + 41, 0 = 5*c + t - 101. Suppose -x + 4*r = c, 3*r = -4*x - 2 - 21. Let d(u) = -45*u - 19. Is d(x) a composite number?
True
Let r(l) = -41*l**2 + 46*l + 11. Let x(b) = -21*b**2 + 23*b + 5. Let z(s) = -3*r(s) + 5*x(s). Is z(-9) composite?
False
Is ((-24011)/(-4) - 2) + 14/56 prime?
False
Let s = 593 + -392. Suppose -5*w = 56 - s. Suppose w = -v + 247. Is v composite?
True
Let n = 16 + -16. Suppose -5*q + 0*q + 25 = n. Suppose -5*x - q*g = -75, 0*x - 4*x + 60 = -5*g. Is x a composite number?
True
Let f(k) = 4*k**2 - k - 1. Let i be f(-1). Is 0 - (2 - (i - -81)) composite?
False
Suppose -3*b = v - 10, -7*v + 20 = 2*b - 3*v. Suppose 86 = 2*z + y - 504, -3*z - b*y + 887 = 0. Is z a composite number?
False
Suppose -1 = -m, 3*m = -3*f + 4*m + 536. Let k = -85 + f. Is k a prime number?
False
Let w(b) = -21*b - 69. Let p(u) = 21*u + 68. Let h(s) = -7*p(s) - 6*w(s). Is h(-25) composite?
False
Suppose 2*g = -c - 23, 0 = 5*g + 2*c + c + 60. Is 638 - g/(-4)*12/9 a composite number?
True
Let n(f) = 1225*f**2 + 22. Is n(5) a composite number?
True
Let d(b) be the second derivative of -b**5/20 + 2*b**4/3 - 10*b**2 + 13*b. Is d(-9) a composite number?
True
Let a be 4/6 + 136479/9. Suppose -5*f + a = 1220. Is f prime?
True
Let q be 23123/7 - ((-33)/7 - -5). Suppose -4*d = 3*p - d - q, 5*p - 5497 = -3*d. Is p a prime number?
True
Let v = -20288 - -45537. Is v a composite number?
True
Suppose -5*j - 3 = 2*f - 2, 5*j = 2*f - 9. Is (2/((-4)/(-2179)))/(j/(-2)) composite?
False
Suppose 354676 = 15*i - 64169. 